{"id":73,"date":"2020-05-08T15:37:54","date_gmt":"2020-05-08T13:37:54","guid":{"rendered":"https:\/\/virage.beer\/total\/?post_type=product&#038;p=73"},"modified":"2023-10-29T09:52:36","modified_gmt":"2023-10-29T08:52:36","slug":"williams-eau-de-gamme","status":"publish","type":"product","link":"https:\/\/virage.beer\/total\/produit\/williams-eau-de-gamme\/","title":{"rendered":"William&rsquo;s eau de gamme"},"content":{"rendered":"<p><i>Fruits coup\u00e9s au couteau et mis au f\u00fbt \u00e0 la main pour des ar\u00f4mes plus intenses et plus fins<\/i><\/p>\n<p>Nez: poire william tr\u00e8\u00e8\u00e8s intense, note verte, fruit\u00e9<\/p>\n<p>Bouche: poire william tr\u00e8\u00e8\u00e8s intense, complexe et harmonieuse, finale poivr\u00e9e<\/p>\n","protected":false},"excerpt":{"rendered":"<p>50cl<\/p>\n","protected":false},"featured_media":561,"template":"","meta":[],"product_brand":[],"product_cat":[23,17,19],"product_tag":[],"class_list":{"0":"post-73","1":"product","2":"type-product","3":"status-publish","4":"has-post-thumbnail","6":"product_cat-50cl","7":"product_cat-distillerie","8":"product_cat-pepin","10":"first","11":"instock","12":"shipping-taxable","13":"purchasable","14":"product-type-simple"},"_links":{"self":[{"href":"https:\/\/virage.beer\/total\/wp-json\/wp\/v2\/product\/73","targetHints":{"allow":["GET"]}}],"collection":[{"href":"https:\/\/virage.beer\/total\/wp-json\/wp\/v2\/product"}],"about":[{"href":"https:\/\/virage.beer\/total\/wp-json\/wp\/v2\/types\/product"}],"wp:featuredmedia":[{"embeddable":true,"href":"https:\/\/virage.beer\/total\/wp-json\/wp\/v2\/media\/561"}],"wp:attachment":[{"href":"https:\/\/virage.beer\/total\/wp-json\/wp\/v2\/media?parent=73"}],"wp:term":[{"taxonomy":"product_brand","embeddable":true,"href":"https:\/\/virage.beer\/total\/wp-json\/wp\/v2\/product_brand?post=73"},{"taxonomy":"product_cat","embeddable":true,"href":"https:\/\/virage.beer\/total\/wp-json\/wp\/v2\/product_cat?post=73"},{"taxonomy":"product_tag","embeddable":true,"href":"https:\/\/virage.beer\/total\/wp-json\/wp\/v2\/product_tag?post=73"}],"curies":[{"name":"wp","href":"https:\/\/api.w.org\/{rel}","templated":true}]}}