{"id":61,"date":"2020-05-08T15:28:31","date_gmt":"2020-05-08T13:28:31","guid":{"rendered":"https:\/\/virage.beer\/total\/?post_type=product&#038;p=61"},"modified":"2025-05-20T17:50:46","modified_gmt":"2025-05-20T15:50:46","slug":"damasson-rouge","status":"publish","type":"product","link":"https:\/\/virage.beer\/total\/produit\/damasson-rouge\/","title":{"rendered":"Damasson rouge"},"content":{"rendered":"<p><i>Ah le damasson! Si parfum\u00e9, si intense&#8230;<\/i><\/p>\n<p>Nez: typique<\/p>\n<p>Bouche: typique, finale l\u00e9g\u00e8rement herbac\u00e9e<\/p>\n<p>&nbsp;<\/p>\n<p>&nbsp;<\/p>\n","protected":false},"excerpt":{"rendered":"<p>37.5 cl<\/p>\n","protected":false},"featured_media":62,"template":"","meta":[],"product_brand":[],"product_cat":[25,17,18],"product_tag":[],"class_list":{"0":"post-61","1":"product","2":"type-product","3":"status-publish","4":"has-post-thumbnail","6":"product_cat-37-5cl","7":"product_cat-distillerie","8":"product_cat-noyau","10":"first","11":"outofstock","12":"shipping-taxable","13":"purchasable","14":"product-type-simple"},"_links":{"self":[{"href":"https:\/\/virage.beer\/total\/wp-json\/wp\/v2\/product\/61","targetHints":{"allow":["GET"]}}],"collection":[{"href":"https:\/\/virage.beer\/total\/wp-json\/wp\/v2\/product"}],"about":[{"href":"https:\/\/virage.beer\/total\/wp-json\/wp\/v2\/types\/product"}],"wp:featuredmedia":[{"embeddable":true,"href":"https:\/\/virage.beer\/total\/wp-json\/wp\/v2\/media\/62"}],"wp:attachment":[{"href":"https:\/\/virage.beer\/total\/wp-json\/wp\/v2\/media?parent=61"}],"wp:term":[{"taxonomy":"product_brand","embeddable":true,"href":"https:\/\/virage.beer\/total\/wp-json\/wp\/v2\/product_brand?post=61"},{"taxonomy":"product_cat","embeddable":true,"href":"https:\/\/virage.beer\/total\/wp-json\/wp\/v2\/product_cat?post=61"},{"taxonomy":"product_tag","embeddable":true,"href":"https:\/\/virage.beer\/total\/wp-json\/wp\/v2\/product_tag?post=61"}],"curies":[{"name":"wp","href":"https:\/\/api.w.org\/{rel}","templated":true}]}}