{"id":51,"date":"2020-05-08T15:01:18","date_gmt":"2020-05-08T13:01:18","guid":{"rendered":"https:\/\/virage.beer\/total\/?post_type=product&#038;p=51"},"modified":"2023-08-19T10:31:23","modified_gmt":"2023-08-19T08:31:23","slug":"kirsch-haute-tension","status":"publish","type":"product","link":"https:\/\/virage.beer\/total\/produit\/kirsch-haute-tension\/","title":{"rendered":"Kirsch haute tension"},"content":{"rendered":"<p><i>Cerises de Plan-les-Ouates et Compesi\u00e8res dans un formidable concentr\u00e9 d&rsquo;ar\u00f4mes<\/i><\/p>\n<p>Nez: fruit\u00e9, floral<\/p>\n<p>Bouche: \u00e9pic\u00e9, massepain, floral<\/p>\n","protected":false},"excerpt":{"rendered":"<p>50cl<\/p>\n","protected":false},"featured_media":544,"template":"","meta":[],"product_brand":[],"product_cat":[23,17,18],"product_tag":[],"class_list":{"0":"post-51","1":"product","2":"type-product","3":"status-publish","4":"has-post-thumbnail","6":"product_cat-50cl","7":"product_cat-distillerie","8":"product_cat-noyau","10":"first","11":"instock","12":"shipping-taxable","13":"purchasable","14":"product-type-simple"},"_links":{"self":[{"href":"https:\/\/virage.beer\/total\/wp-json\/wp\/v2\/product\/51","targetHints":{"allow":["GET"]}}],"collection":[{"href":"https:\/\/virage.beer\/total\/wp-json\/wp\/v2\/product"}],"about":[{"href":"https:\/\/virage.beer\/total\/wp-json\/wp\/v2\/types\/product"}],"wp:featuredmedia":[{"embeddable":true,"href":"https:\/\/virage.beer\/total\/wp-json\/wp\/v2\/media\/544"}],"wp:attachment":[{"href":"https:\/\/virage.beer\/total\/wp-json\/wp\/v2\/media?parent=51"}],"wp:term":[{"taxonomy":"product_brand","embeddable":true,"href":"https:\/\/virage.beer\/total\/wp-json\/wp\/v2\/product_brand?post=51"},{"taxonomy":"product_cat","embeddable":true,"href":"https:\/\/virage.beer\/total\/wp-json\/wp\/v2\/product_cat?post=51"},{"taxonomy":"product_tag","embeddable":true,"href":"https:\/\/virage.beer\/total\/wp-json\/wp\/v2\/product_tag?post=51"}],"curies":[{"name":"wp","href":"https:\/\/api.w.org\/{rel}","templated":true}]}}