{"id":497,"date":"2021-12-09T17:34:30","date_gmt":"2021-12-09T16:34:30","guid":{"rendered":"https:\/\/virage.beer\/total\/?post_type=product&#038;p=497"},"modified":"2026-02-03T16:07:33","modified_gmt":"2026-02-03T15:07:33","slug":"derupe","status":"publish","type":"product","link":"https:\/\/virage.beer\/total\/produit\/derupe\/","title":{"rendered":"D\u00e9rupe &#8211; Lager au malt genevois"},"content":{"rendered":"<p>Une bi\u00e8re lager blonde de fermentation basse au malt d&rsquo;orge genevois. Une blonde s\u00e8che qui met au premier plan les saveurs du malt et les notes aromatiques des houblons nobles.<\/p>\n<p>Houblons: Nobles (Europe)<\/p>\n<p>Malts: 100% orge local<\/p>\n","protected":false},"excerpt":{"rendered":"<p>5.5% vol. alc.<\/p>\n<p>6x 33cl<\/p>\n","protected":false},"featured_media":829,"template":"","meta":[],"product_brand":[],"product_cat":[37,36,41],"product_tag":[],"class_list":{"0":"post-497","1":"product","2":"type-product","3":"status-publish","4":"has-post-thumbnail","6":"product_cat-33cl","7":"product_cat-bieres-regulieres","8":"product_cat-brasserie","10":"first","11":"instock","12":"shipping-taxable","13":"purchasable","14":"product-type-simple"},"_links":{"self":[{"href":"https:\/\/virage.beer\/total\/wp-json\/wp\/v2\/product\/497","targetHints":{"allow":["GET"]}}],"collection":[{"href":"https:\/\/virage.beer\/total\/wp-json\/wp\/v2\/product"}],"about":[{"href":"https:\/\/virage.beer\/total\/wp-json\/wp\/v2\/types\/product"}],"wp:featuredmedia":[{"embeddable":true,"href":"https:\/\/virage.beer\/total\/wp-json\/wp\/v2\/media\/829"}],"wp:attachment":[{"href":"https:\/\/virage.beer\/total\/wp-json\/wp\/v2\/media?parent=497"}],"wp:term":[{"taxonomy":"product_brand","embeddable":true,"href":"https:\/\/virage.beer\/total\/wp-json\/wp\/v2\/product_brand?post=497"},{"taxonomy":"product_cat","embeddable":true,"href":"https:\/\/virage.beer\/total\/wp-json\/wp\/v2\/product_cat?post=497"},{"taxonomy":"product_tag","embeddable":true,"href":"https:\/\/virage.beer\/total\/wp-json\/wp\/v2\/product_tag?post=497"}],"curies":[{"name":"wp","href":"https:\/\/api.w.org\/{rel}","templated":true}]}}