{"id":194,"date":"2020-05-21T17:06:48","date_gmt":"2020-05-21T15:06:48","guid":{"rendered":"https:\/\/virage.beer\/total\/?post_type=product&#038;p=194"},"modified":"2026-02-03T16:10:30","modified_gmt":"2026-02-03T15:10:30","slug":"discorde-blanche-aromatique","status":"publish","type":"product","link":"https:\/\/virage.beer\/total\/produit\/discorde-blanche-aromatique\/","title":{"rendered":"Discorde &#8211; Blanche aromatique"},"content":{"rendered":"<p>Une bi\u00e8re blanche de soif aux houblons Simcoe et Waimea. Une wheat ale \u00e0 l\u2019am\u00e9ricaine qui marie la douceur du bl\u00e9 aux saveurs fruit\u00e9es des houblons aromatiques. 4.8% vol. alc.<\/p>\n","protected":false},"excerpt":{"rendered":"<p>4.8% vol. alc.<\/p>\n<p>6 x 33cl<\/p>\n","protected":false},"featured_media":831,"template":"","meta":[],"product_brand":[],"product_cat":[37,36,41],"product_tag":[],"class_list":{"0":"post-194","1":"product","2":"type-product","3":"status-publish","4":"has-post-thumbnail","6":"product_cat-33cl","7":"product_cat-bieres-regulieres","8":"product_cat-brasserie","10":"first","11":"instock","12":"shipping-taxable","13":"purchasable","14":"product-type-simple"},"_links":{"self":[{"href":"https:\/\/virage.beer\/total\/wp-json\/wp\/v2\/product\/194","targetHints":{"allow":["GET"]}}],"collection":[{"href":"https:\/\/virage.beer\/total\/wp-json\/wp\/v2\/product"}],"about":[{"href":"https:\/\/virage.beer\/total\/wp-json\/wp\/v2\/types\/product"}],"wp:featuredmedia":[{"embeddable":true,"href":"https:\/\/virage.beer\/total\/wp-json\/wp\/v2\/media\/831"}],"wp:attachment":[{"href":"https:\/\/virage.beer\/total\/wp-json\/wp\/v2\/media?parent=194"}],"wp:term":[{"taxonomy":"product_brand","embeddable":true,"href":"https:\/\/virage.beer\/total\/wp-json\/wp\/v2\/product_brand?post=194"},{"taxonomy":"product_cat","embeddable":true,"href":"https:\/\/virage.beer\/total\/wp-json\/wp\/v2\/product_cat?post=194"},{"taxonomy":"product_tag","embeddable":true,"href":"https:\/\/virage.beer\/total\/wp-json\/wp\/v2\/product_tag?post=194"}],"curies":[{"name":"wp","href":"https:\/\/api.w.org\/{rel}","templated":true}]}}