{"id":176,"date":"2020-05-20T20:23:29","date_gmt":"2020-05-20T18:23:29","guid":{"rendered":"https:\/\/virage.beer\/total\/?page_id=176"},"modified":"2024-07-11T16:18:51","modified_gmt":"2024-07-11T14:18:51","slug":"retirer","status":"publish","type":"page","link":"https:\/\/virage.beer\/total\/retirer\/","title":{"rendered":"Retirer sur place"},"content":{"rendered":"\n<p>Passez vos commandes \u00e0 travers notre boutique en ligne.<\/p>\n\n\n\n<p>Nous vous les pr\u00e9parerons et vous pourrez venir les chercher \u00e0 la Distillerie de Saconnex-d&rsquo;Arve (Ch. de Maronsy 50, 1228 Plan-les-Ouates), les jeudis et vendredis de 9h \u00e0 12h et de 14h \u00e0 17h.<\/p>\n\n\n\n<p>Pour un retrait sur place, aucun frais ne sera ajout\u00e9.<\/p>\n","protected":false},"excerpt":{"rendered":"<p>Passez vos commandes \u00e0 travers notre boutique en ligne. Nous vous les pr\u00e9parerons et vous pourrez venir les chercher \u00e0 la Distillerie de Saconnex-d&rsquo;Arve (Ch. de Maronsy 50, 1228 Plan-les-Ouates), les jeudis et vendredis de &hellip; <\/p>\n","protected":false},"author":1,"featured_media":0,"parent":0,"menu_order":0,"comment_status":"closed","ping_status":"closed","template":"","meta":{"footnotes":""},"class_list":["post-176","page","type-page","status-publish","hentry"],"_links":{"self":[{"href":"https:\/\/virage.beer\/total\/wp-json\/wp\/v2\/pages\/176","targetHints":{"allow":["GET"]}}],"collection":[{"href":"https:\/\/virage.beer\/total\/wp-json\/wp\/v2\/pages"}],"about":[{"href":"https:\/\/virage.beer\/total\/wp-json\/wp\/v2\/types\/page"}],"author":[{"embeddable":true,"href":"https:\/\/virage.beer\/total\/wp-json\/wp\/v2\/users\/1"}],"replies":[{"embeddable":true,"href":"https:\/\/virage.beer\/total\/wp-json\/wp\/v2\/comments?post=176"}],"version-history":[{"count":7,"href":"https:\/\/virage.beer\/total\/wp-json\/wp\/v2\/pages\/176\/revisions"}],"predecessor-version":[{"id":678,"href":"https:\/\/virage.beer\/total\/wp-json\/wp\/v2\/pages\/176\/revisions\/678"}],"wp:attachment":[{"href":"https:\/\/virage.beer\/total\/wp-json\/wp\/v2\/media?parent=176"}],"curies":[{"name":"wp","href":"https:\/\/api.w.org\/{rel}","templated":true}]}}